?
0
What is the hundreds digit of 14650?
6
What is the units digit of 71007?
7
What is the units digit of 846?
6
What is the tens digit of 85496?
9
What is the hundreds digit of 8825?
8
What is the thousands digit of 49054?
9
What is the ten thousands digit of 32827?
3
What is the hundreds digit of 5253?
2
What is the hundred thousands digit of 120471?
1
What is the units digit of 488?
8
What is the units digit of 2074?
4
What is the hundreds digit of 1380?
3
What is the units digit of 6079?
9
What is the thousands digit of 40873?
0
What is the thousands digit of 9249?
9
What is the units digit of 108090?
0
What is the units digit of 3176?
6
What is the thousands digit of 5712?
5
What is the tens digit of 7648?
4
What is the thousands digit of 2371?
2
What is the hundreds digit of 5416?
4
What is the tens digit of 2244?
4
What is the hundreds digit of 3324?
3
What is the hundreds digit of 2266?
2
What is the thousands digit of 5587?
5
What is the thousands digit of 4686?
4
What is the units digit of 2563?
3
What is the units digit of 23263?
3
What is the hundreds digit of 318?
3
What is the thousands digit of 1311?
1
What is the tens digit of 3537?
3
What is the hundreds digit of 7187?
1
What is the units digit of 454?
4
What is the ten thousands digit of 102179?
0
What is the units digit of 29007?
7
What is the hundreds digit of 1533?
5
What is the tens digit of 2026?
2
What is the tens digit of 984?
8
What is the thousands digit of 7539?
7
What is the units digit of 2834?
4
What is the hundreds digit of 56041?
0
What is the units digit of 68756?
6
What is the units digit of 256?
6
What is the thousands digit of 24862?
4
What is the units digit of 5073?
3
What is the units digit of 2642?
2
What is the tens digit of 7776?
7
What is the ten thousands digit of 12069?
1
What is the units digit of 29041?
1
What is the thousands digit of 13534?
3
What is the tens digit of 4010?
1
What is the ten thousands digit of 76572?
7
What is the ten thousands digit of 62314?
6
What is the hundreds digit of 808?
8
What is the thousands digit of 2444?
2
What is the thousands digit of 1042?
1
What is the hundreds digit of 1870?
8
What is the units digit of 7022?
2
What is the units digit of 1262?
2
What is the hundreds digit of 5246?
2
What is the thousands digit of 37671?
7
What is the tens digit of 274?
7
What is the tens digit of 1980?
8
What is the ten thousands digit of 12051?
1
What is the hundreds digit of 2271?
2
What is the units digit of 207?
7
What is the hundreds digit of 130870?
8
What is the hundreds digit of 1146?
1
What is the hundreds digit of 300?
3
What is the units digit of 1481?
1
What is the hundreds digit of 9536?
5
What is the tens digit of 3722?
2
What is the units digit of 28634?
4
What is the hundreds digit of 1083?
0
What is the tens digit of 331?
3
What is the thousands digit of 3977?
3
What is the units digit of 7735?
5
What is the hundreds digit of 101029?
0
What is the thousands digit of 17858?
7
What is the hundreds digit of 840?
8
What is the hundreds digit of 1262?
2
What is the units digit of 849?
9
What is the hundreds digit of 491?
4
What is the tens digit of 408?
0
What is the units digit of 850?
0
What is the hundreds digit of 50760?
7
What is the thousands digit of 9175?
9
What is the ten thousands digit of 26168?
2
What is the tens digit of 24117?
1
What is the units digit of 6177?
7
What is the thousands digit of 1291?
1
What is the units digit of 2159?
9
What is the tens digit of 7537?
3
What is the tens digit of 4688?
8
What is the hundreds digit of 575?
5
What is the units digit of 338?
8
What is the units digit of 3516?
6
What is the units digit of 25?
5
What is the thousands digit of 7286?
7
What is the tens digit of 5227?
2
What is the hundreds digit of 1971?
9
What is the tens digit of 1114?
1
What is the hundreds digit of 93211?
2
What is the tens digit of 121?
2
What is the hundreds digit of 20776?
7
What is the tens digit of 951?
5
What is the hundreds digit of 22065?
0
What is the units digit of 1003?
3
What is the tens digit of 712?
1
What is the units digit of 2537?
7
What is the tens digit of 3103?
0
What is the thousands digit of 32465?
2
What is the units digit of 104242?
2
What is the tens digit of 6966?
6
What is the units digit of 12162?
2
What is the ten thousands digit of 32042?
3
What is the thousands digit of 1351?
1
What is the tens digit of 887?
8
What is the units digit of 4421?
1
What is the units digit of 352?
2
What is the ten thousands digit of 113845?
1
What is the units digit of 70995?
5
What is the hundreds digit of 5220?
2
What is the units digit of 51398?
8
What is the hundreds digit of 705?
7
What is the units digit of 9343?
3
What is the tens digit of 316?
1
What is the ten thousands digit of 21322?
2
What is the tens digit of 163?
6
What is the units digit of 971?
1
What is the tens digit of 3302?
0
What is the tens digit of 4522?
2
What is the units digit of 1278?
8
What is the hundreds digit of 381?
3
What is the hundreds digit of 1000?
0
What is the tens digit of 9476?
7
What is the tens digit of 105419?
1
What is the units digit of 6333?
3
What is the hundreds digit of 948?
9
What is the units digit of 62310?
0
What is the tens digit of 5045?
4
What is the thousands digit of 5418?
5
What is the hundreds digit of 419?
4
What is the hundreds digit of 455?
4
What is the thousands digit of 18173?
8
What is the thousands digit of 176145?
6
What is the hundreds digit of 69919?
9
What is the units digit of 5311?
1
What is the hundreds digit of 854?
8
What is the tens digit of 6685?
8
What is the units digit of 612?
2
What is the units digit of 243?
3
What is the units digit of 197?
7
What is the hundreds digit of 28211?
2
What is the hundreds digit of 1294?
2
What is the units digit of 6986?
6
What is the tens digit of 1507?
0
What is the hundreds digit of 5495?
4
What is the ten thousands digit of 19096?
1
What is the units digit of 20066?
6
What is the ten thousands digit of 23948?
2
What is the hundreds digit of 1601?
6
What is the thousands digit of 23351?
3
What is the units digit of 7105?
5
What is the tens digit of 560?
6
What is the hundreds digit of 3292?
2
What is the ten thousands digit of 10348?
1
What is the ten thousands digit of 32353?
3
What is the thousands digit of 5603?
5
What is the units digit of 1877?
7
What is the thousands digit of 142495?
2
What is the tens digit of 119?
1
What is the tens digit of 521?
2
What is the hundreds digit of 5595?
5
What is the tens digit of 834?
3
What is the thousands digit of 2879?
2
What is the thousands digit of 2898?
2
What is the hundreds digit of 44100?
1
What is the units digit of 4095?
5
What is the thousands digit of 5249?
5
What is the units digit of 7011?
1
What is the hundreds digit of 3897?
8
What is the thousands digit of 6981?
6
What is the thousands digit of 5730?
5
What is the tens digit of 2214?
1
What is the hundreds digit of 6553?
5
What is the tens digit of 46269?
6
What is the thousands digit of 40674?
0
What is the hundreds digit of 17333?
3
What is the units digit of 9?
9
What is the units digit of 56796?
6
What is the ten thousands digit of 21074?
2
What is the hundreds digit of 9529?
5
What is the thousands digit of 2555?
2
What is the hundreds digit of 8690?
6
What is the thousands digit of 19936?
9
What is the thousands digit of 10742?
0
What is the units digit of 1888?
8
What is the ten thousands digit of 18964?
1
What is the thousands digit of 1366?
1
What is the hundreds digit of 869?
8
What is the units digit of 20452?
2
What is the ten thousands digit of 48850?
4
What is the tens digit of 43594?
9
What is the thousands digit of 2518?
2
What is the thousands digit of 7972?
7
What is the units digit of 12275?
5
What is the tens digit of 1860?
6
What is the units digit of 4230?
0
What is the hundreds digit of 662?
6
What is the units digit of 596?
6
What is the hundreds digit of 14101?
1
What is the tens digit of 5678?
7
What is the units digit of 5111?
1
What is the thousands digit of 34664?
4
What is the hundreds digit of 86265?
2
What is the hundreds digit of 417?
4
What is the hundreds digit of 887?
8
What is the units digit of 3821?
1
What is the units digit of 94739?
9
What is the hundreds di